se -2*b + 282 = d*j, -3*j = -b - b - 201. Is j prime?
False
Let m(q) = -q**2 + 4*q. Let t be m(4). Suppose 78 = 3*j - t*j. Is j a composite number?
True
Suppose 2*o - o - 20 = 0. Suppose 0 = -3*n + 4*p + 26, -2*n = -0*n - 4*p - o. Is 51 + 0*(-2)/n composite?
True
Let w be 4/14 + (-24)/(-14). Suppose 0 = 5*i - w*i - 318. Is i prime?
False
Suppose -5*r - 19 = -3*i - 63, -i = 4*r - 25. Is r composite?
False
Let z(b) = b**3 + 6*b**2 + b + 4. Let k be z(-6). Is k*(83/(-2) + 2) a composite number?
False
Let i(w) = -23*w - 1. Let h be i(-3). Suppose -47 = -b + h. Is b prime?
False
Suppose 0 = -5*o + 9*o + 24. Let v(l) = -12*l + 1. Let u be v(o). Suppose 5*a + j - u = 0, 0*a - 68 = -4*a + 4*j. Is a a composite number?
True
Suppose 3*y - 371 = 766. Is y prime?
True
Let n(c) = 2744*c + 3. Is n(1) a composite number?
True
Let k(d) = d**2 - 13*d - 13. Let g(l) = 4*l - 1. Suppose 3*i = -5 - 1. Let z be g(i). Is k(z) a composite number?
True
Suppose g - 189 = -3*b + 346, -3*b = 3*g - 1611. Is g composite?
True
Suppose -2*y - 159 + 914 = 3*k, 4*y = -5*k + 1513. Is y composite?
True
Suppose 4*s - 1 - 9 = -3*n, s + 1 = n. Let g be 335 - (n - 1)*0. Suppose 0*b = 5*b - g. Is b a composite number?
False
Suppose 0 = s + 2*s. Let h(n) = -n + 91. Let d be h(s). Let y = d - 26. Is y a prime number?
False
Let l be (-1 + 2)*(-2 + 3). Is l + 2 + (497 - -5) composite?
True
Let k = -1 - -3. Suppose -4*w = 2*o - 106, 3*w = -k*w + 15. Is o a prime number?
True
Let x(h) = -5*h**2 - 62*h - 10. Is x(-11) composite?
False
Let q(l) = -l**3 + 7*l**2 - 3*l - 7. Let k(j) = j**2 - 3*j - 4. Let b be k(4). Suppose 3*c - 8 - 10 = b. Is q(c) a composite number?
False
Let u(m) = 86*m**2 - m - 9. Let x be u(-3). Suppose -q + 1 = -4, 13 = 2*t + q. Suppose -4*w - 4*r = -2*w - 374, -t*w + 2*r + x = 0. Is w a composite number?
False
Let h(s) be the second derivative of -s**3/6 - s**2 - s. Let y be h(-5). Suppose 0 = -y*v + 9. Is v a composite number?
False
Suppose 4*z - 7*z + r + 761 = 0, -2*r = -4*z + 1014. Is z a prime number?
False
Suppose 43 = 4*j - 101. Let b(x) = x**2 - 5*x. Let s be b(5). Suppose -2*r + p + 51 = s, -p + 3*p - j = -2*r. Is r composite?
False
Suppose -1269 = -4*n + 511. Is n prime?
False
Let m(i) = -i**2 - 10*i + 1. Let u(s) = s**3 + 6*s**2 + 4*s - 3. Let g be u(-5). Let b be ((-39)/6 + 3)*g. Is m(b) composite?
True
Suppose -6*m + 1280 = -m. Let j = m + -143. Is j a composite number?
False
Suppose 5*c - 64 = 3*n, 3*c + 2*n + 2*n = 21. Suppose -1 + c = 5*q. Suppose 0 = -q*s - 0*s + 106. Is s a composite number?
False
Suppose 706 = 3*k - 257. Is k composite?
True
Let c(o) = 520*o + 19. Is c(4) a composite number?
False
Is (-1233)/((-6)/2) - 4 a prime number?
False
Suppose 2*q - 2*w - 10 = 0, 5*w - 3*w - 4 = -5*q. Let t(j) = -2 + 3*j**3 - 2*j - 3*j**2 - 2*j**3 - 1 + q*j**2. Is t(4) a prime number?
True
Suppose -4*b + 195 = 4*q - b, -3*q + 146 = 2*b. Suppose 15*x + 54 = 13*x. Let g = x + q. Is g composite?
True
Let b = -166 - -235. Is b prime?
False
Let z be ((-2)/(-4))/((-1)/(-8)). Suppose 2*v = 42 - z. Is v a composite number?
False
Let t(b) = 27*b + 10. Let i(q) = 27*q + 9. Let k(a) = -5*i(a) + 4*t(a). Is k(-12) prime?
False
Let j(o) = -127*o + 35. Is j(-12) a prime number?
True
Let b(r) be the third derivative of 0*r - 1/60*r**5 + 3*r**2 + 0*r**4 + 0 + 1/120*r**6 + 35/6*r**3. Is b(0) a prime number?
False
Let d(p) = -p**2 - p + 2. Let t be d(-3). Let h be 2/(-1 + (-6)/t). Suppose 2*v - 417 = -5*r, h*v - 3*r - 206 = 641. Is v prime?
True
Let i(z) = -43*z - 3. Is i(-2) prime?
True
Let m be (-3)/5*(-30)/3. Let i be m*1/3*-1. Is (i + -3)*(-18)/15 composite?
True
Let m = 432 - 247. Is m a prime number?
False
Let j(o) = -o**2 - 6*o + 7. Let s be j(-7). Suppose 0 = 3*w - s*w + 24. Let p = 27 - w. Is p prime?
False
Let s = 9 - -68. Let h = -18 + s. Is h a composite number?
False
Let y be 0/1 + (3 - -182). Suppose -5*b + y = -0*b. Is b a prime number?
True
Let h(x) = -x**2 + x + 33. Let g be (3 - (1 + 2))/(-1). Is h(g) composite?
True
Suppose -30 = 2*z - b + 3*b, 5*z = -2*b - 66. Let a(s) = -s**2 - 12*s + 13. Is a(z) prime?
True
Let c = 2 - 8. Let g = c + 3. Is g/18*-14*15 a composite number?
True
Let u(i) be the second derivative of -2*i**3/3 + i**2 - 2*i. Is u(-6) a composite number?
True
Let n be (-1 + 4)*(-70)/(-42). Is n*(2 + 1 + 8) a composite number?
True
Let j = 8 - -8. Suppose -5*n - 1 = -j. Is n composite?
False
Let w(k) = -k + 194. Suppose 3*h + 12 = 2*s - h, 3*s - 4*h = 12. Is w(s) composite?
True
Suppose -13 = -3*c - 5*d - 37, -4*c - 2*d - 18 = 0. Let o(i) = -3*i**3 + 5*i**2 + 5*i + 2. Is o(c) a composite number?
False
Suppose 0 = 4*n - 9*n - 90. Let k be (-170)/(-3)*n/(-15). Suppose 4*g = -4*d + k, 13 = d + 3*g - 0*g. Is d a prime number?
True
Let c(y) = 19*y**2 + 5*y + 7. Let k = 32 - 25. Is c(k) composite?
True
Let r(x) = x**2 - 7*x - 5. Let c be r(7). Is 4/(-20)*34*c prime?
False
Let x(t) = -t**3 + t**2 - t + 31. Is x(0) a prime number?
True
Suppose -7*z + 1313 + 2096 = 0. Is z a composite number?
False
Suppose 4*v = -125 + 1193. Suppose -2*a = a - v. Is a a prime number?
True
Let k = 1 - 1. Suppose 0 = 3*p + l - 99, 4*p = -k*p - 4*l + 140. Suppose -i - 3*i - 3*t + p = 0, -i - 3*t - 1 = 0. Is i a composite number?
False
Let y = 527 + -48. Is y a prime number?
True
Let j = 7 + 52. Is j a composite number?
False
Is 6997/3 - 32/(-48) prime?
True
Let v(i) = -44*i - 1. Let o be v(-2). Is o + (-2)/(-3)*3 a composite number?
False
Let x(t) be the second derivative of -t**3/3 - 7*t. Is x(-11) prime?
False
Let t = 289 - 122. Is t a composite number?
False
Let o be 6*(1 - (1 - 1)). Suppose -395 = -o*m + m. Is m + 3 - -2 - -3 composite?
True
Let z(p) = -2*p + 8. Let m(f) = -f - 1. Let s(g) = m(g) - z(g). Let w be s(8). Is (-16)/w + -2 + 0 composite?
True
Suppose 8*o - 3*o = 0. Suppose 2*m - 78 - 116 = o. Is m a prime number?
True
Let l(q) = 65*q**2 + 6*q - 40. Is l(-9) a composite number?
False
Suppose 0 = 3*l - 0*l - 1362. Let w = l + -205. Suppose w = 5*t - 196. Is t a prime number?
True
Let f = 72 - -23. Suppose 0 = -4*h - 5*l + 40, -2*h = 2*h - 5*l. Suppose x = -3*x + 5*u + 76, -u + f = h*x. Is x a composite number?
False
Let g be (-3 - -2)/(2/(-4)). Suppose -g*p + 76 = -78. Is p prime?
False
Suppose h - 3*t = 2141, 2*h - 4*t - 1766 = 2508. Is h a prime number?
True
Suppose 129 = 7*k - 116. Is k prime?
False
Suppose 4*z = 12 - 0. Suppose 0*c - 237 = -z*c. Is c composite?
False
Suppose 5*q + 2*v = 8, 2*q + 4*v = -0*v + 16. Suppose t = -q*t + 89. Is t a composite number?
False
Let a(q) = 106*q - 13. Is a(5) a prime number?
False
Is (3/2)/(21/10066) a composite number?
False
Suppose a = 525 - 28. Is a a composite number?
True
Let x(n) = 4*n**2 - 3*n + 7. Let a be x(5). Suppose 0 = -2*y - 5*c + 57, 3*y + 0*c + c = a. Is y prime?
True
Let r(k) = 118*k + 25. Is r(6) prime?
True
Let o be (1/(2/8))/1. Suppose -t = 5*k - 5, -o*k = 7*t - 2*t - 46. Let u(f) = f**3 - 10*f**2 + f - 1. Is u(t) a prime number?
False
Suppose 0 = -y - 3*r + 21, y - 27 = -0*r - 5*r. Is (-6)/y - 119/(-2) a composite number?
False
Let o(v) = v**2 - v + 10. Let y be o(0). Let z(g) = -5084*g**2 + 2*g - 3. Let p be z(1). Is (-4)/y - p/25 a composite number?
True
Let x be (-1)/3 + 22/(-6). Let b = -1 - x. Suppose 4*n = 3*a - n - 894, b*a = -5*n + 864. Is a a composite number?
False
Suppose -5*r - 10 = 0, -i = 2*r - 40 - 99. Is i a prime number?
False
Suppose -885 = -2*t - t. Is t prime?
False
Suppose -793 = -5*g + 1062. Is g a composite number?
True
Suppose 0 = 15*p - 7*p - 11688. Is p composite?
True
Suppose -5*h - 4*c = -14 + 1, -3*c = h + 4. Suppose 0*f + f - 4*p = 243, -p = -h*f + 1177. Is f a prime number?
False
Suppose -22*o + 8891 = -5*o. Is o composite?
False
Let v = -27 - -17. Let i(a) = -22*a - 3. Is i(v) a composite number?
True
Let l = 477 - -61. Is l a composite number?
True
Let f be 69/(-12) - 12/(-16). Let y = f + 11. Is y composite?
True
Suppose 0 = 3*a - 952 + 289. Is a a prime number?
False
Let c = -120 - -377. Is c prime?
True
Suppose 0 = 3*p + 2*p. Suppose -2*z + 3*j + 439 = p, 0 = -4*z - 0*j - 3*j + 851. Is z a composite number?
True
Let u(d) = d**2 + d. Let h be u(1). Suppose 915 = 3*b - 3*p, -b + 6*p + 305 = 2*p. Suppose h*o = -3*a + b, 0 = 5*o + 4*a - 184 - 589. Is o composite?
Fal